 Let f(o) = -o. Let y(s) = -5*f(s) - n(s). Let h = -355 + 354. Determine y(h).
31
Let b(l) = -2*l + 4. Let g(j) = 8*j - 7. Let v(m) = -5*b(m) - g(m). Calculate v(10).
7
Let c(v) = v + 1. Let i = -49 - -49. Give c(i).
1
Let r(j) = -j**2 - 3*j + 4. Suppose -k = -3*k + 8. Suppose 3*a + 21 = -k*a. Give r(a).
4
Let g(v) = 31670 + 2*v - 31690 - 5*v. Calculate g(-6).
-2
Let f(p) be the third derivative of p**5/30 + 7*p**4/12 - 4*p**3/3 - p**2 - 198. What is f(-8)?
8
Suppose -5*z + 5*f - 35 = 0, 10 = -2*z + 4*f - 10. Let u(h) be the second derivative of -1/2*h**3 - 5*h - 5/2*h**2 + 0. What is u(z)?
7
Suppose -5*l + 2*l + 6 = 0, -y + 10 = 3*l. Let q(m) = -y - 27*m + 29*m - 3. What is q(5)?
3
Let p(j) = 10*j**3 - j**2 + 1. Suppose 2*q + 8 = -16*u + 14*u, -2*q = -5*u + 15. Calculate p(u).
10
Let n be (44/(-12) + 4 + 0)*-6. Let g(t) = -14*t - 1. What is g(n)?
27
Let g = 24 + -24. Let t be (-1)/(g - (-3)/6) + -1. Let l(h) = -h**2 - 2*h - 2. Give l(t).
-5
Let n(j) = 2*j**2 - 8. Let i be n(-2). Let x(v) = v**3 - v**2 + v - 21. Give x(i).
-21
Let n(s) = -s - 8. Let l(a) = 4 - 1 - a**3 + 2*a**3 - 10*a**2 + 1 - 12*a. Let x be l(11). What is n(x)?
-1
Let k(i) = -i**3. Let l(q) = -4*q**3 + 3*q**2 + 2*q + 1. Let c(w) = -5*k(w) + l(w). What is c(-2)?
1
Let o(z) = 6*z - 112*z**2 - 117*z**2 + 228*z**2 - 1. Give o(4).
7
Let m(b) = 5*b - 1. Suppose -5*n + 4*a = -56, 5*n = 3*n - 4*a. Suppose 0 = -26*t + 23*t + 21. Let j = n - t. Determine m(j).
4
Let l(s) be the second derivative of -s**4/4 + s**3/3 + 5*s**2/2 - 129*s. Determine l(-4).
-51
Let p(t) = -1. Let g(v) = v - 5. Let o(n) = g(n) - 2*p(n). Determine o(1).
-2
Let i(d) = 220 + d**2 - 77 - 70 - 10*d - 70. Calculate i(7).
-18
Let n(u) = -u**3 + 5*u**2 - 4*u + 4. Let y be (-4)/5 - 44/(-55). Suppose 4*p - 3*g + 24 = y, 3*p - 22 = 5*p + g. Let k be (p/(-21))/((-3)/(-21)). Give n(k).
10
Let k(s) be the first derivative of -s**4/4 - 5*s**3/3 - 2*s**2 + 4*s - 26. Calculate k(-4).
4
Let k(m) = m**3 + 10*m**2 + 19*m + 3. Let b be k(-7). Let w(f) = f**3 - 16*f**2 - 15*f - 41. Determine w(b).
-7
Let s(r) be the second derivative of 1/60*r**5 + 7/24*r**4 + 1/2*r**3 - 6*r**2 + 0 + 7*r. Let w(i) be the first derivative of s(i). Determine w(-7).
3
Let g(z) = z**2 - 9*z + 8. Suppose -b + c - 1 = -3*c, 4*b + 5*c = 38. Give g(b).
-6
Let i(d) be the first derivative of 11*d**3/3 - d**2/2 + 28. Let o = 2 + -1. Calculate i(o).
10
Let k(d) = -6*d**2 + 5 + d**3 + 14*d**2 + 3*d + 0*d - 3*d**2. Let n be ((-10)/3)/((-3)/9). Suppose 2*s + 0 = -n. Determine k(s).
-10
Suppose -3*z - 4*m - 1 = 0, 5*m - 3*m + 33 = 5*z. Let i(c) = -10 + 9 + 3 - c. Give i(z).
-3
Let u(k) = -2*k**3 - 851*k + 0 + 846*k + 5 - 6*k**2 + k**3. Determine u(-5).
5
Let g be (15/(-10))/(-2 - 18/(-8)). Let r(q) = 7*q**2 + 2 + 5*q + 0 + 2 + q**3. Calculate r(g).
10
Let g = -359 + 367. Let u(l) = -l**2 + 6*l + 6. Give u(g).
-10
Let x = 19 + 5. Let s = -32 + x. Let u(a) = -a - 3. Determine u(s).
5
Let d(f) = -33 + 2*f**3 + 0*f - 5*f + 0*f**3 + 34 - f**2 + 2*f. What is d(3)?
37
Let h = 59 - 54. Let w = 8 - h. Let n(x) = -2*x - 1. Give n(w).
-7
Let u(o) = 60*o + 8 - 113*o + 54*o + 14 - o**2. What is u(0)?
22
Let u(m) = -m**2 + 3*m - 6. Let l(y) = y**2 - 3*y + 8. Let w(z) = 3*l(z) + 4*u(z). Give w(5).
-10
Suppose -17*n + 460 = 562. Let p(t) = -3*t + 4. Let z(y) = -4*y + 4. Let b(u) = -5*p(u) + 4*z(u). Determine b(n).
2
Suppose -2*t = -4*n + 52, -21 = -3*n + 3*t + 12. Let f be (0/3)/((-4)/4). Let m(w) = n*w**2 + 5*w + 3 + f*w - 16*w**2. Calculate m(5).
3
Let f(x) = -x**2 + 12*x. Let h be f(12). Suppose 20 = -h*o + 4*o. Let c(b) = 9*b**3 - 1 - 13*b**3 - b**2 + b + o*b**3. What is c(0)?
-1
Let p(v) = v**2 + 2*v + 4. Let o(d) = -33*d - 6 - 38*d + 70*d. Let g be o(-3). Calculate p(g).
7
Let q(k) = 58*k + 466. Let w be q(-8). Let y(f) = -f**2 - 2*f + 1. Give y(w).
-7
Let f(i) = -6*i - 5. Let a(u) = -5*u - 4. Let d(l) = 5*a(l) - 4*f(l). Let j(g) = -g - 1. Let p(k) = 6*d(k) + j(k). Determine p(1).
-8
Let x(y) = -12*y - 3. Let u be -10 + (1 - -15) + (-2 - 2). Determine x(u).
-27
Let g(x) = -x**2 + x - 1. Let d(s) = 3*s**2 - 26*s - 7. Let a(p) = d(p) + 4*g(p). Determine a(-22).
-11
Let p(w) = -15*w + 2. Suppose -5*t + 0*r + 13 = 3*r, -3*r = 2*t - 7. Determine p(t).
-28
Let o(t) be the second derivative of 17*t**3/6 - 141*t. Determine o(-1).
-17
Let k(c) = c**3 - 5*c**2 + 2*c + 3. Let r(g) = -34 + 5 + 8 - 4*g. Let s be r(-6). Determine k(s).
-9
Let f(z) be the first derivative of -z**3/3 - z**2 - 2*z + 14. Let r be (-25)/10 + 0 - 1/(-2). What is f(r)?
-2
Let o(n) = -n + 5. Let a be -4 + -20 - (-4 - -1). Let q = 17 + a. What is o(q)?
9
Suppose 2*h = -0*h - 8. Let m(c) = -3*c**3 - 45 - 3*c + 4*c**3 + 3*c**2 + 49. What is m(h)?
0
Let t(f) be the third derivative of f**6/120 - f**5/10 + f**4/3 - 7*f**3/6 + 9*f**2. Let x = 16 + -10. Suppose 3*m = x*m - 15. Give t(m).
8
Let h = -58 - -57. Let o be (-903)/126 + h/(-6). Let g(p) = p**2 + 7*p + 5. Calculate g(o).
5
Let f be (-8)/6*18/12. Let s(a) = -6*a**2 - a**3 + 3 + 4*a**2 + 3*a - a. Calculate s(f).
-1
Suppose 45 = 3*s + 5*u, 10 = 2*s - 5*u - 20. Let l = 15 - s. Let h(g) = g**2 + g + 1. Determine h(l).
1
Let n = 661 - 644. Let j(m) = m**2 - 17*m - 7. What is j(n)?
-7
Let u(v) be the first derivative of -1/3*v**3 - 7/2*v**2 - 8*v - 6. Give u(-7).
-8
Let n(b) be the first derivative of -b**3 - 5*b**2/2 - 2*b - 48. Let f = -14 + 11. Give n(f).
-14
Let q = 2 - -9. Suppose 5*z = -41 + q. Let x(s) be the third derivative of s**6/120 + s**5/12 - s**4/6 + s**3 + 2*s**2 - 38*s. What is x(z)?
-6
Let o(k) be the third derivative of k**5/60 - 5*k**4/12 + 3*k**3/2 - 35*k**2 + 2. Let j be o(10). Let f(a) = -a**3 + 8*a**2 + 9*a - 12. Give f(j).
-12
Suppose 2*t = 9 - 3. Let z be (0 + -6)*1/t. Let i(h) = h**2 - 2. Give i(z).
2
Suppose 0 = 2*o - 8*o - 7*o. Let v(w) be the third derivative of 0 + 1/12*w**4 - 1/120*w**6 - 1/6*w**3 - 5*w**2 + 1/30*w**5 + o*w. Determine v(3).
-4
Let o(s) = 11 + 3*s**2 - 4 - 4*s**2. Let v(d) = 48*d - 96. Let p be v(2). Give o(p).
7
Suppose 3*j = -4*f + 31, 0 = 2*f - 0*f - 5*j + 17. Suppose -q = -f*q - 3. Let h(c) be the first derivative of c**4/4 + c**3/3 + c**2/2 + 16. Give h(q).
-1
Suppose 9*f - 16 = 20. Suppose 2*u = 2*g - f, 2*g - 4*u - 15 = -1. Let x(a) = a**3 + 2*a**2 - 3*a + 3. Calculate x(g).
3
Let o(z) = z + 7. Let v(q) = 2*q**2 + q - 3. Let k = 91 + -89. Let a be v(k). Calculate o(a).
14
Let d(t) = -t**2 + 5*t - 6. Let x be ((-3)/(-2) - 2)*-10. Suppose -s = -x + 2. Suppose s = -2*y + 11. Calculate d(y).
-2
Let a(o) = -o**2 - 5*o + 18. Let u be a(-8). Let x(g) = -g - 8. Give x(u).
-2
Suppose p = n + 3*p + 6, 14 = -3*n - 5*p. Let g(v) = v - 3*v - v**3 + 2 - 6*v**n - v + v. Let m(k) = -6*k**3 + 1. Let w be m(1). What is g(w)?
-13
Let v(r) = 3*r - 23. Let a be v(7). Let t be 4/(6*a/(-18)). Let n(z) = z**2 - 8*z + 3. What is n(t)?
-9
Let q be (-4 - -4)/(10/5). Let u(x) be the first derivative of x**3/3 + 5*x + 2. Determine u(q).
5
Let x(y) = -5*y + 2. Let g be (-10)/(2/(-8) - 30/(-24)). Let n(p) = -16*p + 6. Let f(t) = g*x(t) + 3*n(t). Determine f(-2).
-6
Let d = 36 - 12. Suppose -3*q = q - d. Let z(y) = y**2 - 1. Let o(m) = -7*m**2 + 4*m + 9. Let v(n) = o(n) + 6*z(n). Calculate v(q).
-9
Let d(s) = -2*s + 1. Let z(m) = 2*m - 29. Let j(u) = 5*u - 58. Let n(r) = -3*j(r) + 5*z(r). Let f be n(5). Give d(f).
-7
Let v(l) = -3*l**2 + 2*l**2 - 6 + 0*l**2 + 3*l. Suppose 5*f + t = -34, -3*t + 0*t + 10 = -f. Let y be 230/55 - f/((-231)/6). Give v(y).
-10
Let s(g) = -2*g**2 + g + 2. Let k(f) = -3*f**2 - 4*f + 14. Let p(d) = k(d) - 2*s(d). Calculate p(3).
1
Let v(t) = 11 - 19*t - 7*t + 23*t. Calculate v(9).
-16
Let u be 7/(-28) + 6/(-8) + 8. Suppose 0*k + 4*k + 2*w - 26 = 0, k + w = u. Let z(t) = -t**3 + 7*t**2 - 6*t + 9. Determine z(k).
9
Let t(s) be the third derivative of -s**5/120 + s**4/24 - 5*s**3/2 + 17*s**2. Let y(w) be the first derivative of t(w). Determine y(5).
-4
Let k(q) = 7*q + 2. Suppose -2*p = 4*z, 3*z = p - 16 + 21. Calculate k(p).
-12
Let p(u) = -u + 5. Let o(i) = -2*i + 5. Let s(k) = 4*o(k) - 5*p(k). Give s(-4).
7
Let i(l) be the first derivative of l**2 + 2*l + 46. Determine i(-3).
-4
Let m = -201 - -196. Let a(z) = 5*z - 10. Let r(b) = -14*b + 29. Let n(p) = -17*a(p) - 6*r(p). Calculate n(m).
1
Let d(m) = 33*m + 37*m 